{"id":6143,"date":"2018-07-18T18:07:50","date_gmt":"2018-07-18T17:07:50","guid":{"rendered":"http:\/\/www.escueladerespiracion.com\/?page_id=6143"},"modified":"2018-08-24T18:51:08","modified_gmt":"2018-08-24T17:51:08","slug":"aviso-legal","status":"publish","type":"page","link":"https:\/\/www.escueladerespiracion.com\/index.php\/aviso-legal\/","title":{"rendered":"Aviso Legal"},"content":{"rendered":"<p>[vc_row][vc_column][vc_column_text]El presente texto, regula e informa de:<\/p>\n<ol>\n<li><em>Datos identificativos del titular de la web<\/em><\/li>\n<li><em>Definiciones<\/em><\/li>\n<li><em>Condiciones de uso<\/em><\/li>\n<li><em>Disponibilidad de la p\u00e1gina<\/em><\/li>\n<li><em>Limitaci\u00f3n de responsabilidad<\/em><\/li>\n<li><em>Disponibilidad de los contenidos<\/em><\/li>\n<li><strong><em>Publicidad\u00a0<\/em><\/strong><\/li>\n<li><strong><em>Propiedad industrial e intelectual<\/em><\/strong><em>\u00a0\u00a0<\/em><\/li>\n<li><em>Nulidad parcial<\/em><\/li>\n<li><em>Jurisdicci\u00f3n<\/em><\/li>\n<li><em>Legislaci\u00f3n aplicable<\/em><\/li>\n<\/ol>\n<p>El presente sitio \u201cweb\u201d ha sido dise\u00f1ado por\u00a0<strong>Escuela Canaria de Respiraci\u00f3n<\/strong>, para dar a conocer y permitir el acceso general de todos los Usuarios a la informaci\u00f3n, actividades, productos y servicios diversos, propios o de terceros, ofertados.<\/p>\n<h3><strong>1. DATOS IDENTIFICATIVOS DEL TITULAR DE LA WEB<\/strong><\/h3>\n<p>En cumplimiento del deber de informaci\u00f3n,\u00a0<strong>Escuela Canaria de Respiraci\u00f3n<\/strong>\u00a0(en lo sucesivo EL TITULAR) en calidad de titular del web site www.escueladerespiracion.com (en lo sucesivo LA WEB) procede a comunicarles los datos identificativos:<\/p>\n<p>Denominaci\u00f3n social:\u00a0<strong>Escuela Canaria de Respiraci\u00f3n.<\/strong><\/p>\n<p>Direcci\u00f3n de correo electr\u00f3nico:\u00a0<a title=\"escueladerespiracion@gmail.com\" href=\"mailto:%20escueladerespiracion@gmail.com\">escueladerespiracion@gmail.com<\/a>.<\/p>\n<p>Domicilio:C\/ San Juan Bautista, n\u00ba 58, 38001 &#8211; Santa Cruz de Tenerife,\u00a0Islas Canarias, Espa\u00f1a.<\/p>\n<p>La presente informaci\u00f3n conforma y regula las condiciones de uso, las limitaciones de responsabilidad y las obligaciones que los usuarios de la p\u00e1gina Web que se publica bajo el nombre\/s de dominio 0 asumen y se comprometen a respetar.<\/p>\n<h3><strong>2. DEFINICIONES<\/strong><\/h3>\n<p>\u201cP\u00e1gina\u201d Dominio\/s 0 que se pone a disposici\u00f3n de los Usuarios de Internet.<\/p>\n<p>\u201cUsuario\u201d Persona f\u00edsica o jur\u00eddica que utiliza o navega por la P\u00e1gina.<\/p>\n<p>\u201cContenido\u201d Son las p\u00e1ginas que conforman la totalidad del dominio, las cuales conforman la informaci\u00f3n y los servicios que EL TITULAR pone a disposici\u00f3n de los Usuarios de Internet. En ellas se contienen los mensajes, textos, fotograf\u00edas, gr\u00e1ficos, iconos, logos, tecnolog\u00eda, links, texturas, dibujos, archivos de sonido y\/o imagen, grabaciones, software, aspecto, dise\u00f1o gr\u00e1fico y c\u00f3digos fuente y, en general, cualquier clase de material contenido en la P\u00e1gina.<\/p>\n<p>\u201cWeb\u201d Palabra t\u00e9cnica que describe el sistema de acceso a la informaci\u00f3n v\u00eda Internet, que se configura por medio de p\u00e1ginas confeccionadas con lenguaje HTML, ASP, o similar, y mecanismos de programaci\u00f3n tales como java, javascript, PHP, u otros, etc\u2026 En estas p\u00e1ginas dise\u00f1adas y publicadas bajo un nombre de dominio Internet son el resultado de la informaci\u00f3n que el titular pone a disposici\u00f3n de los Usuarios de Internet.<\/p>\n<p>\u201cEnlaces, Links, V\u00ednculos, etc..\u201d T\u00e9cnica por la cual un Usuario puede navegar por diferentes p\u00e1ginas de la Web, o por Internet, con un simple click sobre el texto, icono, bot\u00f3n o indicativo que contiene el enlace.<\/p>\n<p>\u201cCookies\u201d Medio t\u00e9cnico para la trazabilidad y seguimiento de la navegaci\u00f3n en los sitios Web. Son peque\u00f1os ficheros de texto que se escriben en el ordenador del Usuario.<\/p>\n<h3><strong>3. CONDICIONES DE USO<\/strong><\/h3>\n<p>La simple y mera utilizaci\u00f3n de la P\u00e1gina otorga la condici\u00f3n de Usuario, bien sea persona f\u00edsica o jur\u00eddica, y obligatoriamente implica la aceptaci\u00f3n completa, plena y sin reservas de todas y cada una de las cl\u00e1usulas y condiciones generales incluidas en el Aviso Legal. Si el Usuario no estuviera conforme con las cl\u00e1usulas y condiciones de uso de este Aviso Legal, se abstendr\u00e1 de utilizar la P\u00e1gina.<\/p>\n<p>Este Aviso Legal est\u00e1 sujeto a cambios y actualizaciones por lo que la versi\u00f3n publicada por EL TITULAR puede ser diferente en cada momento en que el Usuario acceda al Portal. Por tanto, el Usuario debe leer el Aviso Legal en todas y cada una de las ocasiones en que acceda a la P\u00e1gina.<\/p>\n<p>A trav\u00e9s de la P\u00e1gina, EL TITULAR facilita a los Usuarios el acceso y la utilizaci\u00f3n de diversos Contenidos publicados por medio de Internet por EL TITULAR o por terceros autorizados.<\/p>\n<p>El Usuario est\u00e1 obligado y se compromete a utilizar la P\u00e1gina y los Contenidos de conformidad con la legislaci\u00f3n vigente, el Aviso Legal, y cualquier otro aviso o instrucciones puestos en su conocimiento, bien sea por medio de este aviso legal o en cualquier otro lugar dentro de los contenidos que conforman la P\u00e1gina, as\u00ed como con las normas de convivencia, la moral y buenas costumbres generalmente aceptadas.<\/p>\n<p>A tal efecto, el Usuario se obliga y compromete a NO utilizar cualquiera de los Contenidos con fines o efectos il\u00edcitos, prohibidos en el Aviso Legal o por la legislaci\u00f3n vigente, lesivos de los derechos e intereses de terceros, o que de cualquier forma puedan da\u00f1ar, inutilizar, sobrecargar, deteriorar o impedir la normal utilizaci\u00f3n de los Contenidos, los equipos inform\u00e1ticos o los documentos, archivos y toda clase de contenidos almacenados en cualquier equipo inform\u00e1tico propios o contratados por EL TITULAR, de otros Usuarios o de cualquier usuario de Internet (hardware y software).<\/p>\n<p>El Usuario se obliga y se compromete a no transmitir, difundir o poner a disposici\u00f3n de terceros cualquier clase de material contenido en la P\u00e1gina, tales como informaciones, textos, datos, contenidos, mensajes, gr\u00e1ficos, dibujos, archivos de sonido y\/o imagen, fotograf\u00edas, grabaciones, software, logotipos, marcas, iconos, tecnolog\u00eda, fotograf\u00edas, software, enlaces, dise\u00f1o gr\u00e1fico y c\u00f3digos fuente, o cualquier otro material al que tuviera acceso en su condici\u00f3n de Usuario de la P\u00e1gina, sin que esta enumeraci\u00f3n tenga car\u00e1cter limitativo.<\/p>\n<p>Asimismo, de conformidad con todo ello, el Usuario no podr\u00e1:<\/p>\n<p>\u2013 Reproducir, copiar, distribuir, poner a disposici\u00f3n de cualquier forma, comunicar p\u00fablicamente, transformar o modificar los Contenidos, a menos que se cuente con la autorizaci\u00f3n escrita y expl\u00edcita de EL TITULAR, que es responsable de los correspondientes derechos, o bien que ello resulte legalmente permitido.<\/p>\n<p>\u2013 Suprimir, manipular o de cualquier forma, alterar el \u201ccopyright\u201d y dem\u00e1s datos identificativos de la reserva de derechos de EL TITULAR o de sus titulares, de las huellas y\/o identificadores digitales, o de cualesquiera otros medios t\u00e9cnicos establecidos para su reconocimiento.<\/p>\n<p>El Usuario deber\u00e1 abstenerse de obtener e incluso de intentar obtenerlos Contenidos empleando para ello medios o procedimientos distintos de los que, seg\u00fan los casos, se hayan puesto a su disposici\u00f3n o se hayan indicado en las p\u00e1ginas Web donde se encuentren los mismos o, en general, de los que se empleen habitualmente en Internet a este efecto, siempre que no entra\u00f1en un riesgo de da\u00f1o o inutilizaci\u00f3n de la P\u00e1gina, y\/o de los Contenidos.<\/p>\n<h3><strong>4. DISPONIBILIDAD DE LA P\u00c1GINA<\/strong><\/h3>\n<p>EL TITULAR no garantiza la inexistencia de interrupciones o errores en el acceso a la P\u00e1gina o a sus Contenidos, ni que \u00e9stos se encuentren actualizados, aunque desarrollar\u00e1 sus mejores esfuerzos para, en su caso, evitarlos, subsanarlos o actualizarlos. Por consiguiente, EL TITULAR no se responsabiliza de los da\u00f1os o perjuicios de cualquier tipo producidos en el Usuario que tengan causa de fallos o desconexiones en las redes de telecomunicaciones que produzcan la suspensi\u00f3n, cancelaci\u00f3n o interrupci\u00f3n del servicio del Portal durante la prestaci\u00f3n del mismo o con car\u00e1cter previo.<\/p>\n<p>EL TITULAR excluye, con las excepciones contempladas en la legislaci\u00f3n vigente, cualquier responsabilidad por los da\u00f1os y perjuicios de toda naturaleza que puedan deberse a la falta de disponibilidad, continuidad o calidad del funcionamiento de la P\u00e1gina y de los Contenidos, al no cumplimiento de la expectativa de utilidad que los Usuarios hubieren podido atribuir a la P\u00e1gina y a los Contenidos.<\/p>\n<p>La funci\u00f3n de los links, enlaces, etc., que aparecen en esta Web es exclusivamente la de informar al Usuario acerca de la existencia de otras Web que contienen informaci\u00f3n sobre la materia. Esto no constituye sugerencia ni recomendaci\u00f3n alguna.<\/p>\n<p>EL TITULAR no se hace responsable de los contenidos de dichas p\u00e1ginas enlazadas, del funcionamiento, utilidad o resultado de los Hiperenlaces, ni garantiza la ausencia de virus u otros elementos en los mismos que puedan producir alteraciones en el sistema inform\u00e1tico (hardware y software), documentos o los ficheros del Usuario, excluyendo cualquier responsabilidad por los da\u00f1os causados al Usuario por cualquiera de estos motivos.<\/p>\n<p>El acceso a la P\u00e1gina no implica la obligaci\u00f3n por parte de EL TITULAR de controlar la ausencia de virus, gusanos o cualquier otro elemento inform\u00e1tico da\u00f1ino. Corresponde al Usuario, en todo caso, la disponibilidad de herramientas adecuadas para la detecci\u00f3n y desinfecci\u00f3n de programas inform\u00e1ticos da\u00f1inos. Por lo tanto, EL TITULAR no se hace responsable de los posibles errores de seguridad que se puedan producir durante la prestaci\u00f3n del servicio de la P\u00e1gina, ni de los posibles da\u00f1os que puedan causarse al sistema inform\u00e1tico del usuario o de terceros (hardware y software), los ficheros o documentos almacenados en el mismo, como consecuencia de la presencia de virus en el ordenador del usuario utilizado para la conexi\u00f3n a los servicios y contenidos de la Web, de un mal funcionamiento del navegador o del uso de versiones no actualizadas del mismo.<\/p>\n<h3><strong>5. LIMITACI\u00d3N DE LA RESPONSABILIDAD<\/strong><\/h3>\n<p>EL TITULAR excluye toda responsabilidad por las decisiones que el Usuario pueda tomar basado en esta informaci\u00f3n, as\u00ed como por los posibles errores tipogr\u00e1ficos que puedan contener los documentos y gr\u00e1ficos de la P\u00e1gina. La informaci\u00f3n est\u00e1 sometida a posibles cambios peri\u00f3dicos sin previo aviso de su contenido por ampliaci\u00f3n, mejora, correcci\u00f3n o actualizaci\u00f3n de los Contenidos.<\/p>\n<p>En la presente p\u00e1gina Web puede haber publicidad de terceros y\/o links que facilitan el enlace a p\u00e1ginas Web de terceros. EL TITULAR\u00a0en todos estos casos no es responsable los servicios que estos terceros ofrezcan, ni de las condiciones particulares o generales que requieran, ni de los contenidos de las p\u00e1ginas Web a los que se acceda por medio de los enlaces establecidos.<\/p>\n<h3><b>6. DISPONIBIIDAD DE LOS CONTENIDOS<\/b><\/h3>\n<p>La prestaci\u00f3n del servicio de la P\u00e1gina y de los Contenidos tiene, en principio, duraci\u00f3n indefinida. EL TITULAR, no obstante, podr\u00e1 dar por terminada o suspender la prestaci\u00f3n del servicio de la p\u00e1gina y\/o de cualquiera de los contenidos en cualquier momento.<\/p>\n<h3><strong>7. PUBLICIDAD\u00a0<\/strong><\/h3>\n<p>Parte del sitio \u201cweb\u201d puede albergar contenidos publicitarios o estar patrocinado. Los anunciantes y patrocinadores son los \u00fanicos responsables de asegurarse que el material remitido para su inclusi\u00f3n en el sitio \u201cweb\u201d cumple con las leyes que en cada caso puedan ser de aplicaci\u00f3n. EL TITULAR\u00a0no ser\u00e1 responsable de cualquier error, inexactitud o irregularidad que puedan contener los contenidos publicitarios o de los patrocinadores.<\/p>\n<p>En todo caso, para interponer cualquier reclamaci\u00f3n relacionada con los Contenidos publicitarios insertados en este sitio \u201cweb\u201d pueden dirigirse a la siguiente direcci\u00f3n de correo electr\u00f3nico:\u00a0<a title=\"escueladerespiracion@gmail.com\" href=\"mailto:%20escueladerespiracion@gmail.com\">escueladerespiracion@gmail.com<\/a><a href=\"mailto:comercial@proidecor.com\" target=\"_blank\" rel=\"noopener\">.<\/a><\/p>\n<h3><strong>8. PROPIEDAD INDUSTRIAL E INTELECTUAL<\/strong><\/h3>\n<p>Derechos de propiedad intelectual e industrial son todos los derechos reconocidos por la legislaci\u00f3n de propiedad intelectual que tengan car\u00e1cter patrimonial o de explotaci\u00f3n para cualquier finalidad y para cualquier modalidad de uso, as\u00ed como todos los derechos reconocidos por la legislaci\u00f3n de propiedad industrial, incluidos en ambos casos la facultad de solicitar los registros e inscripciones oportunos para la obtenci\u00f3n o protecci\u00f3n de estos derechos (en adelante, los \u201cDerechos de Propiedad Intelectual e Industrial\u201d).<\/p>\n<p>Queda estrictamente prohibido la utilizaci\u00f3n de todos los elementos objeto de propiedad industrial e intelectual con fines comerciales as\u00ed como su distribuci\u00f3n, modificaci\u00f3n, alteraci\u00f3n o descompilaci\u00f3n.<\/p>\n<p>Cualesquiera denominaciones, dise\u00f1os y\/o logotipos, as\u00ed como cualquier producto o servicio ofrecidos y reflejados en esta p\u00e1gina Web, son marcas registradas o propiedad de EL TITULAR, o de terceros. No est\u00e1 permitido el uso de las mismas por personas diferentes de su leg\u00edtimo titular y sin el consentimiento de \u00e9ste.<\/p>\n<p>Los derechos de propiedad intelectual y marcas de terceros ser\u00e1n respetados por el usuario, el cual ser\u00e1 el \u00fanico responsable de uso que haga de los mismos.<\/p>\n<p>La infracci\u00f3n de cualquiera de los citados derechos puede constituir una vulneraci\u00f3n de las presentes disposiciones, as\u00ed como un delito castigado de acuerdo con legislaci\u00f3n espa\u00f1ola.<\/p>\n<h3>9.\u00a0<strong>NULIDAD PARCIAL<\/strong><\/h3>\n<p>Si parte de estas condiciones generales de contrataci\u00f3n fuera contraria a derecho, y por tanto, inv\u00e1lida, no afectar\u00e1 a las otras disposiciones que son conforme a derecho, por lo tanto, las partes se comprometen a renegociar aquellas cl\u00e1usulas o condiciones del servicio que resultaran nulas y a incorporarlas al resto de las condiciones v\u00e1lidas.<\/p>\n<h3><strong>10. <\/strong><strong>JURISDICCI\u00d3N<\/strong><\/h3>\n<p>Para cuantas cuestiones se susciten sobre la interpretaci\u00f3n, aplicaci\u00f3n y cumplimiento de este Aviso Legal, as\u00ed como de las reclamaciones que puedan derivarse de su uso, todos las partes intervinientes se someten a los Jueces y Tribunales de S.C. de Tenerife, renunciando de forma expresa a cualquier otro fuero que pudiera corresponderles.<\/p>\n<h3><strong>11. <\/strong><strong>LEGISLACI\u00d3N APLICABLE<\/strong><\/h3>\n<p>El Aviso Legal se rige por la ley espa\u00f1ola.<\/p>\n<p>Reservados todos los derechos de autor por las leyes y tratados internacionales de propiedad intelectual. Queda expresamente prohibida su copia, reproducci\u00f3n o difusi\u00f3n, total o parcial, por cualquier medio.[\/vc_column_text][\/vc_column][\/vc_row][vc_row][vc_column][vc_empty_space][\/vc_column][\/vc_row]<\/p>\n","protected":false},"excerpt":{"rendered":"<p>[vc_row][vc_column][vc_column_text]El presente texto, regula e informa de: Datos identificativos del titular de la web Definiciones Condiciones de uso Disponibilidad de la p\u00e1gina Limitaci\u00f3n de responsabilidad Disponibilidad de los contenidos Publicidad\u00a0 Propiedad industrial e intelectual\u00a0\u00a0 Nulidad parcial Jurisdicci\u00f3n Legislaci\u00f3n aplicable El presente sitio \u201cweb\u201d ha sido dise\u00f1ado por\u00a0Escuela Canaria de Respiraci\u00f3n, para dar a conocer y&#8230;<\/p>\n","protected":false},"author":1,"featured_media":0,"parent":0,"menu_order":0,"comment_status":"closed","ping_status":"closed","template":"","meta":[],"acf":[],"_links":{"self":[{"href":"https:\/\/www.escueladerespiracion.com\/index.php\/wp-json\/wp\/v2\/pages\/6143"}],"collection":[{"href":"https:\/\/www.escueladerespiracion.com\/index.php\/wp-json\/wp\/v2\/pages"}],"about":[{"href":"https:\/\/www.escueladerespiracion.com\/index.php\/wp-json\/wp\/v2\/types\/page"}],"author":[{"embeddable":true,"href":"https:\/\/www.escueladerespiracion.com\/index.php\/wp-json\/wp\/v2\/users\/1"}],"replies":[{"embeddable":true,"href":"https:\/\/www.escueladerespiracion.com\/index.php\/wp-json\/wp\/v2\/comments?post=6143"}],"version-history":[{"count":6,"href":"https:\/\/www.escueladerespiracion.com\/index.php\/wp-json\/wp\/v2\/pages\/6143\/revisions"}],"predecessor-version":[{"id":6149,"href":"https:\/\/www.escueladerespiracion.com\/index.php\/wp-json\/wp\/v2\/pages\/6143\/revisions\/6149"}],"wp:attachment":[{"href":"https:\/\/www.escueladerespiracion.com\/index.php\/wp-json\/wp\/v2\/media?parent=6143"}],"curies":[{"name":"wp","href":"https:\/\/api.w.org\/{rel}","templated":true}]}}