{"id":6052,"date":"2018-07-04T15:21:09","date_gmt":"2018-07-04T14:21:09","guid":{"rendered":"http:\/\/www.escueladerespiracion.com\/?page_id=6052"},"modified":"2018-08-28T12:42:45","modified_gmt":"2018-08-28T11:42:45","slug":"entrevistas","status":"publish","type":"page","link":"https:\/\/www.escueladerespiracion.com\/index.php\/entrevistas\/","title":{"rendered":"Entrevistas"},"content":{"rendered":"<p>[vc_row][vc_column]            <div class=\"shortcode-blog-wrap  \" >\r\n                <div class=\"blog-wrap medium-image\">\r\n                    <div class=\"blog-inner clearfix blog-style-medium-image blog-paging-all\">\r\n                        <article id=\"post-644\" class=\"clearfix post-644 post type-post status-publish format-standard has-post-thumbnail hentry category-entrevistas category-noticias2\" >\r\n    <div class=\"post-item\">\r\n        <div class=\"entry-wrap\">\r\n                            <div class=\"entry-thumbnail-wrap\">\r\n                    <div class=\"entry-thumbnail\">\r\n                                <a title=\"Entrevista mayo 2008\" class=\"entry-thumbnail_overlay\">\r\n                                    <img class=\"img-responsive\" src=\"https:\/\/www.escueladerespiracion.com\/wp-content\/uploads\/Entrevistas-8.jpg\" alt=\"Entrevista mayo 2008\" \/>\r\n                                <\/a>\r\n                                <a data-rel=\"prettyPhoto\" href=\"https:\/\/www.escueladerespiracion.com\/wp-content\/uploads\/Entrevistas-8.jpg\" class=\"prettyPhoto\"><i class=\"fa fa-arrows-alt\"><\/i><\/a>\r\n                            <\/div>                    <div class=\"link-overlay\">\r\n                        <a href=\"https:\/\/www.escueladerespiracion.com\/index.php\/entrevista-mayo-2008\/\" rel=\"bookmark\" title=\"Entrevista mayo 2008\"><\/a>\r\n                    <\/div>\r\n                <\/div>\r\n                        <div class=\"entry-content-wrap\">\r\n                <div class=\"entry-detail\">\r\n                    <h3 class=\"entry-title p-font\">\r\n                        <a href=\"https:\/\/www.escueladerespiracion.com\/index.php\/entrevista-mayo-2008\/\" rel=\"bookmark\" title=\"Entrevista mayo 2008\">Entrevista mayo 2008<\/a>\r\n                    <\/h3>\r\n                    <div class=\"entry-post-meta-wrap\">\r\n                        <ul class=\"entry-meta\">\r\n    <li class=\"entry-meta-author\">\r\n        <i class=\"fa fa-pencil-square-o p-color\"><\/i> <a href=\"https:\/\/www.escueladerespiracion.com\/index.php\/author\/natividad\/\">Natividad<\/a>    <\/li>\r\n\r\n     <li class=\"entry-meta-date\">\r\n         <i class=\"fa fa-clock-o p-color\"><\/i> <a href=\"https:\/\/www.escueladerespiracion.com\/index.php\/entrevista-mayo-2008\/\" rel=\"bookmark\" title=\"Entrevista mayo 2008\"> 7 septiembre, 2017 <\/a>\r\n     <\/li>\r\n\r\n            <li class=\"entry-meta-category\">\r\n            <i class=\"fa fa-folder-open p-color\"><\/i> <a href=\"https:\/\/www.escueladerespiracion.com\/index.php\/index-php\/trainer\/entrevistas\/\" rel=\"category tag\">Entrevistas<\/a>, <a href=\"https:\/\/www.escueladerespiracion.com\/index.php\/index-php\/trainer\/noticias2\/\" rel=\"category tag\">Noticias<\/a>        <\/li>\r\n    \r\n    <\/ul>                    <\/div>\r\n                    <div class=\"entry-excerpt\">\r\n                        <p>Art\u00edculo y entrevista para la revista: &quot;Terapias Naturales&quot; &nbsp; Rebirthing: Respiraci\u00f3n Consciente La respiraci\u00f3n es un acto que el ser...<\/p>                    <\/div>\r\n                    <div class=\"link-text-readmore\">\r\n                        <a href=\"https:\/\/www.escueladerespiracion.com\/index.php\/entrevista-mayo-2008\/\" class=\"btn-readmore\"><span class=\"span-text\">Leer m\u00e1s<\/span><\/a>\r\n                    <\/div>\r\n                <\/div>\r\n            <\/div>\r\n        <\/div>\r\n    <\/div>\r\n<\/article><article id=\"post-6066\" class=\"clearfix post-6066 post type-post status-publish format-standard has-post-thumbnail hentry category-entrevistas category-videos\" >\r\n    <div class=\"post-item\">\r\n        <div class=\"entry-wrap\">\r\n                            <div class=\"entry-thumbnail-wrap\">\r\n                    <div class=\"entry-thumbnail\">\r\n                                <a title=\"Entrevista Radio Febrero 2014\" class=\"entry-thumbnail_overlay\">\r\n                                    <img class=\"img-responsive\" src=\"https:\/\/www.escueladerespiracion.com\/wp-content\/uploads\/Portada-libro-para-video.jpg\" alt=\"Entrevista Radio Febrero 2014\" \/>\r\n                                <\/a>\r\n                                <a data-rel=\"prettyPhoto\" href=\"https:\/\/www.escueladerespiracion.com\/wp-content\/uploads\/Portada-libro-para-video.jpg\" class=\"prettyPhoto\"><i class=\"fa fa-arrows-alt\"><\/i><\/a>\r\n                            <\/div>                    <div class=\"link-overlay\">\r\n                        <a href=\"https:\/\/www.escueladerespiracion.com\/index.php\/el-poder-de-la-respiracion\/\" rel=\"bookmark\" title=\"Entrevista Radio Febrero 2014\"><\/a>\r\n                    <\/div>\r\n                <\/div>\r\n                        <div class=\"entry-content-wrap\">\r\n                <div class=\"entry-detail\">\r\n                    <h3 class=\"entry-title p-font\">\r\n                        <a href=\"https:\/\/www.escueladerespiracion.com\/index.php\/el-poder-de-la-respiracion\/\" rel=\"bookmark\" title=\"Entrevista Radio Febrero 2014\">Entrevista Radio Febrero 2014<\/a>\r\n                    <\/h3>\r\n                    <div class=\"entry-post-meta-wrap\">\r\n                        <ul class=\"entry-meta\">\r\n    <li class=\"entry-meta-author\">\r\n        <i class=\"fa fa-pencil-square-o p-color\"><\/i> <a href=\"https:\/\/www.escueladerespiracion.com\/index.php\/author\/natividad\/\">Natividad<\/a>    <\/li>\r\n\r\n     <li class=\"entry-meta-date\">\r\n         <i class=\"fa fa-clock-o p-color\"><\/i> <a href=\"https:\/\/www.escueladerespiracion.com\/index.php\/el-poder-de-la-respiracion\/\" rel=\"bookmark\" title=\"Entrevista Radio Febrero 2014\"> 6 febrero, 2014 <\/a>\r\n     <\/li>\r\n\r\n            <li class=\"entry-meta-category\">\r\n            <i class=\"fa fa-folder-open p-color\"><\/i> <a href=\"https:\/\/www.escueladerespiracion.com\/index.php\/index-php\/trainer\/entrevistas\/\" rel=\"category tag\">Entrevistas<\/a>, <a href=\"https:\/\/www.escueladerespiracion.com\/index.php\/index-php\/trainer\/videos\/\" rel=\"category tag\">Videos<\/a>        <\/li>\r\n    \r\n    <\/ul>                    <\/div>\r\n                    <div class=\"entry-excerpt\">\r\n                        <p><\/p>                    <\/div>\r\n                    <div class=\"link-text-readmore\">\r\n                        <a href=\"https:\/\/www.escueladerespiracion.com\/index.php\/el-poder-de-la-respiracion\/\" class=\"btn-readmore\"><span class=\"span-text\">Leer m\u00e1s<\/span><\/a>\r\n                    <\/div>\r\n                <\/div>\r\n            <\/div>\r\n        <\/div>\r\n    <\/div>\r\n<\/article>                    <\/div>\r\n\r\n                    \r\n                <\/div>\r\n            <\/div>\r\n            [\/vc_column][\/vc_row][vc_row][vc_column][vc_empty_space][\/vc_column][\/vc_row]<\/p>\n","protected":false},"excerpt":{"rendered":"<p>[vc_row][vc_column][\/vc_column][\/vc_row][vc_row][vc_column][vc_empty_space][\/vc_column][\/vc_row]<\/p>\n","protected":false},"author":1,"featured_media":0,"parent":0,"menu_order":0,"comment_status":"closed","ping_status":"closed","template":"","meta":[],"acf":[],"_links":{"self":[{"href":"https:\/\/www.escueladerespiracion.com\/index.php\/wp-json\/wp\/v2\/pages\/6052"}],"collection":[{"href":"https:\/\/www.escueladerespiracion.com\/index.php\/wp-json\/wp\/v2\/pages"}],"about":[{"href":"https:\/\/www.escueladerespiracion.com\/index.php\/wp-json\/wp\/v2\/types\/page"}],"author":[{"embeddable":true,"href":"https:\/\/www.escueladerespiracion.com\/index.php\/wp-json\/wp\/v2\/users\/1"}],"replies":[{"embeddable":true,"href":"https:\/\/www.escueladerespiracion.com\/index.php\/wp-json\/wp\/v2\/comments?post=6052"}],"version-history":[{"count":5,"href":"https:\/\/www.escueladerespiracion.com\/index.php\/wp-json\/wp\/v2\/pages\/6052\/revisions"}],"predecessor-version":[{"id":6068,"href":"https:\/\/www.escueladerespiracion.com\/index.php\/wp-json\/wp\/v2\/pages\/6052\/revisions\/6068"}],"wp:attachment":[{"href":"https:\/\/www.escueladerespiracion.com\/index.php\/wp-json\/wp\/v2\/media?parent=6052"}],"curies":[{"name":"wp","href":"https:\/\/api.w.org\/{rel}","templated":true}]}}