{"id":6049,"date":"2018-07-04T15:15:11","date_gmt":"2018-07-04T14:15:11","guid":{"rendered":"http:\/\/www.escueladerespiracion.com\/?page_id=6049"},"modified":"2018-07-23T10:24:26","modified_gmt":"2018-07-23T09:24:26","slug":"escritos-de-natividad-jimenez","status":"publish","type":"page","link":"https:\/\/www.escueladerespiracion.com\/index.php\/escritos-de-natividad-jimenez\/","title":{"rendered":"Escritos de Natividad Jim\u00e9nez"},"content":{"rendered":"<p style=\"text-align: center;\">Algunos escritos de\u00a0<strong>Natividad Jim\u00e9nez<\/strong><br \/>\n&#8211;\u00a0<strong class=\"azul_normal\">Pincha sobre los t\u00edtulos y podr\u00e1s leerlos<\/strong>\u00a0&#8211;<\/p>\n<p style=\"text-align: left;\"><a href=\"http:\/\/www.escueladerespiracion.com\/Cursos%20y%20seminarios\/Natividad\/Escritos\/En%20vias%20del%20reconocimiento.htm\" target=\"_blank\" rel=\"noopener\">En v\u00edas del reconocimiento de la profesi\u00f3n de los trabajadores con la respiraci\u00f3n.<\/a><\/p>\n<p style=\"text-align: left;\"><a href=\"http:\/\/www.escueladerespiracion.com\/Cursos%20y%20seminarios\/Natividad\/Escritos\/AspectoCreativo.htm\" target=\"_blank\" rel=\"noopener\">Aspecto creativo y comercial del profesional de la respiraci\u00f3n consciente.<\/a><\/p>\n<p style=\"text-align: left;\"><a href=\"http:\/\/www.escueladerespiracion.com\/Cursos%20y%20seminarios\/Natividad\/Escritos\/Acercamiento_a_la_Resp.htm\" target=\"_blank\" rel=\"noopener\">Un acercamiento a la \u201cRespiraci\u00f3n Consciente\u201d para docentes.<\/a><\/p>\n<p style=\"text-align: left;\"><a href=\"http:\/\/www.escueladerespiracion.com\/Cursos%20y%20seminarios\/Natividad\/Escritos\/Un_Nacimiento_para_fluir.htm\" target=\"_blank\" rel=\"noopener\">Un Nacimiento para fluir.<\/a><\/p>\n<p style=\"text-align: left;\"><a href=\"http:\/\/www.escueladerespiracion.com\/Cursos%20y%20seminarios\/Natividad\/Escritos\/PrimeraExpSexual.htm\" target=\"_blank\" rel=\"noopener\">La primera experiencia sexual.<\/a><\/p>\n<p style=\"text-align: left;\"><a href=\"http:\/\/www.escueladerespiracion.com\/Cursos%20y%20seminarios\/Natividad\/Escritos\/MaternidadInocente.htm\" target=\"_blank\" rel=\"noopener\">Por una maternidad Inocente. Congreso, Octubre de 2005.<\/a><\/p>\n<p style=\"text-align: left;\"><a href=\"http:\/\/www.escueladerespiracion.com\/Cursos%20y%20seminarios\/Natividad\/Escritos\/Afirmaciones%20Maternidad.htm\" target=\"_blank\" rel=\"noopener\">AFIRMACIONES DE MATERNIDAD.<\/a><\/p>\n<p style=\"text-align: left;\"><a href=\"http:\/\/www.escueladerespiracion.com\/Cursos%20y%20seminarios\/Natividad\/Escritos\/RespiracionCC%20Marzo%202010%20UBAix.htm\" target=\"_blank\" rel=\"noopener\">RESPIRACI\u00d3N CONSCIENTE Y CONECTADA: UNA PR\u00c1CTICA MUY SANA<\/a><\/p>\n<p style=\"text-align: left;\">\n<p style=\"text-align: center;\"><a href=\"http:\/\/www.escueladerespiracion.com\/trainer\/natividad-jimenez\/\" target=\"_blank\" rel=\"noopener\"><strong>Natividad Jim\u00e9nez Saavedra<\/strong><\/a><br \/>\nDirectora de la Escuela Canaria de Respiraci\u00f3n<\/p>\n<p>&nbsp;<\/p>\n","protected":false},"excerpt":{"rendered":"<p>Algunos escritos de\u00a0Natividad Jim\u00e9nez &#8211;\u00a0Pincha sobre los t\u00edtulos y podr\u00e1s leerlos\u00a0&#8211; En v\u00edas del reconocimiento de la profesi\u00f3n de los trabajadores con la respiraci\u00f3n. Aspecto creativo y comercial del profesional de la respiraci\u00f3n consciente. Un acercamiento a la \u201cRespiraci\u00f3n Consciente\u201d para docentes. Un Nacimiento para fluir. La primera experiencia sexual. Por una maternidad Inocente. Congreso,&#8230;<\/p>\n","protected":false},"author":1,"featured_media":0,"parent":0,"menu_order":0,"comment_status":"closed","ping_status":"closed","template":"","meta":[],"acf":[],"_links":{"self":[{"href":"https:\/\/www.escueladerespiracion.com\/index.php\/wp-json\/wp\/v2\/pages\/6049"}],"collection":[{"href":"https:\/\/www.escueladerespiracion.com\/index.php\/wp-json\/wp\/v2\/pages"}],"about":[{"href":"https:\/\/www.escueladerespiracion.com\/index.php\/wp-json\/wp\/v2\/types\/page"}],"author":[{"embeddable":true,"href":"https:\/\/www.escueladerespiracion.com\/index.php\/wp-json\/wp\/v2\/users\/1"}],"replies":[{"embeddable":true,"href":"https:\/\/www.escueladerespiracion.com\/index.php\/wp-json\/wp\/v2\/comments?post=6049"}],"version-history":[{"count":4,"href":"https:\/\/www.escueladerespiracion.com\/index.php\/wp-json\/wp\/v2\/pages\/6049\/revisions"}],"predecessor-version":[{"id":6235,"href":"https:\/\/www.escueladerespiracion.com\/index.php\/wp-json\/wp\/v2\/pages\/6049\/revisions\/6235"}],"wp:attachment":[{"href":"https:\/\/www.escueladerespiracion.com\/index.php\/wp-json\/wp\/v2\/media?parent=6049"}],"curies":[{"name":"wp","href":"https:\/\/api.w.org\/{rel}","templated":true}]}}

Escritos de Natividad Jiménez

<p style="text-align: center;">Algunos escritos de <strong>Natividad Jiménez</strong><br />
&#8211; <strong class="azul_normal">Pincha sobre los títulos y podrás leerlos</strong> &#8211;</p>
<p style="text-align: left;"><a href="http://www.escueladerespiracion.com/Cursos%20y%20seminarios/Natividad/Escritos/En%20vias%20del%20reconocimiento.htm" target="_blank" rel="noopener">En vías del reconocimiento de la profesión de los trabajadores con la respiración.</a></p>
<p style="text-align: left;"><a href="http://www.escueladerespiracion.com/Cursos%20y%20seminarios/Natividad/Escritos/AspectoCreativo.htm" target="_blank" rel="noopener">Aspecto creativo y comercial del profesional de la respiración consciente.</a></p>
<p style="text-align: left;"><a href="http://www.escueladerespiracion.com/Cursos%20y%20seminarios/Natividad/Escritos/Acercamiento_a_la_Resp.htm" target="_blank" rel="noopener">Un acercamiento a la “Respiración Consciente” para docentes.</a></p>
<p style="text-align: left;"><a href="http://www.escueladerespiracion.com/Cursos%20y%20seminarios/Natividad/Escritos/Un_Nacimiento_para_fluir.htm" target="_blank" rel="noopener">Un Nacimiento para fluir.</a></p>
<p style="text-align: left;"><a href="http://www.escueladerespiracion.com/Cursos%20y%20seminarios/Natividad/Escritos/PrimeraExpSexual.htm" target="_blank" rel="noopener">La primera experiencia sexual.</a></p>
<p style="text-align: left;"><a href="http://www.escueladerespiracion.com/Cursos%20y%20seminarios/Natividad/Escritos/MaternidadInocente.htm" target="_blank" rel="noopener">Por una maternidad Inocente. Congreso, Octubre de 2005.</a></p>
<p style="text-align: left;"><a href="http://www.escueladerespiracion.com/Cursos%20y%20seminarios/Natividad/Escritos/Afirmaciones%20Maternidad.htm" target="_blank" rel="noopener">AFIRMACIONES DE MATERNIDAD.</a></p>
<p style="text-align: left;"><a href="http://www.escueladerespiracion.com/Cursos%20y%20seminarios/Natividad/Escritos/RespiracionCC%20Marzo%202010%20UBAix.htm" target="_blank" rel="noopener">RESPIRACIÓN CONSCIENTE Y CONECTADA: UNA PRÁCTICA MUY SANA</a></p>
<p style="text-align: left;">
<p style="text-align: center;"><a href="http://www.escueladerespiracion.com/trainer/natividad-jimenez/" target="_blank" rel="noopener"><strong>Natividad Jiménez Saavedra</strong></a><br />
Directora de la Escuela Canaria de Respiración</p>
<p>&nbsp;</p>

<p>Algunos escritos de Natividad Jiménez &#8211; Pincha sobre los títulos y podrás leerlos &#8211; En vías del reconocimiento de la profesión de los trabajadores con la respiración. Aspecto creativo y comercial del profesional de la respiración consciente. Un acercamiento a la “Respiración Consciente” para docentes. Un Nacimiento para fluir. La primera experiencia sexual. Por una maternidad Inocente. Congreso,&#8230;</p>
