{"id":5757,"date":"2018-06-07T13:30:16","date_gmt":"2018-06-07T13:30:16","guid":{"rendered":"http:\/\/www.escueladerespiracion.com\/?page_id=5757"},"modified":"2021-01-27T17:27:21","modified_gmt":"2021-01-27T16:27:21","slug":"proximas-actividades","status":"publish","type":"page","link":"https:\/\/www.escueladerespiracion.com\/index.php\/proximas-actividades\/","title":{"rendered":"Actividades"},"content":{"rendered":"<p>[vc_row][vc_column width=&#8221;5\/6&#8243; css=&#8221;.vc_custom_1532125605051{margin-top: -25px !important;}&#8221; el_class=&#8221;estilo_redondeado&#8221;][vc_column_text]<\/p>\n<h2 class=\"title_borde_alas\">Pr\u00f3ximas Actividades<\/h2>\n<p>[\/vc_column_text][vc_column_text css=&#8221;.vc_custom_1611764707355{margin-top: -100px !important;border-top-width: -50px !important;}&#8221;]<!-- Widget Shortcode --><div id=\"eme_list-7\" class=\"widget widget_eme_list widget-shortcode area-arbitrary \"><div class=\"events-show-slide\"><ul id=\"yoga-class-slide\" class=\"yogas yoga-class-slide owl-carousel owl-loaded owl-drag\" data-owl=\"1\" data-rtl=\"\" data-loop=\"true\" data-margin=\"30\" data-autoplay=\"true\" data-duration=\"4000\" data-nav=\"true\"><div class=\"owl-stage-outer\"><br \/>\n<div class=\"owl-stage\"><br \/>\n<div class=\"owl-item cloned\"><br \/>\n<div class=\"bg-events-show\"><br \/>\n<br \/>\n<a href=\"https:\/\/www.escueladerespiracion.com\/index.php\/calendario-de-actividades\/?event_id=363\"><img width=\"315\" height=\"314\" src=\"https:\/\/www.escueladerespiracion.com\/wp-content\/uploads\/2026\/03\/DIA-MUNDIAL-11-Abril-2026-WEB-peque.jpg\" class=\"eme_event_image\" alt=\"\" loading=\"lazy\" srcset=\"https:\/\/www.escueladerespiracion.com\/wp-content\/uploads\/2026\/03\/DIA-MUNDIAL-11-Abril-2026-WEB-peque.jpg 315w, https:\/\/www.escueladerespiracion.com\/wp-content\/uploads\/2026\/03\/DIA-MUNDIAL-11-Abril-2026-WEB-peque-300x300.jpg 300w, https:\/\/www.escueladerespiracion.com\/wp-content\/uploads\/2026\/03\/DIA-MUNDIAL-11-Abril-2026-WEB-peque-150x150.jpg 150w\" sizes=\"(max-width: 315px) 100vw, 315px\" \/><\/a><br \/>\n<br \/>\n<a class=\"events-show-btn-join\" href=\"https:\/\/www.escueladerespiracion.com\/index.php\/calendario-de-actividades\/?event_id=363\">\u00a1Ap\u00fantate!<\/a><br \/>\n<br \/>\n<span style=\"font-size: 16px\"><strong><a href='https:\/\/www.escueladerespiracion.com\/index.php\/calendario-de-actividades\/?event_id=363' title='D\u00eda Mundial de la Respiraci\u00f3n  (Copy)'>D\u00eda Mundial de la Respiraci\u00f3n  (Copy)<\/a><\/strong><\/span><br \/>\n<br \/>\n<span style=\"font-size: 21px\"><strong>11\/Abr\/2026<\/strong><\/span> <span style=\"color: #3366ff;font-size: 21px\"><strong>10:00<\/strong><\/span><br \/>\n<\/div><br \/>\n<\/div><br \/>\n<\/div><br \/>\n<\/div><div class=\"owl-stage-outer\"><br \/>\n<div class=\"owl-stage\"><br \/>\n<div class=\"owl-item cloned\"><br \/>\n<div class=\"bg-events-show\"><br \/>\n<br \/>\n<a href=\"https:\/\/www.escueladerespiracion.com\/index.php\/calendario-de-actividades\/?event_id=362\"><img width=\"315\" height=\"239\" src=\"https:\/\/www.escueladerespiracion.com\/wp-content\/uploads\/2026\/02\/Caratula-2026-WEB-peque.jpg\" class=\"eme_event_image\" alt=\"\" loading=\"lazy\" srcset=\"https:\/\/www.escueladerespiracion.com\/wp-content\/uploads\/2026\/02\/Caratula-2026-WEB-peque.jpg 315w, https:\/\/www.escueladerespiracion.com\/wp-content\/uploads\/2026\/02\/Caratula-2026-WEB-peque-300x228.jpg 300w\" sizes=\"(max-width: 315px) 100vw, 315px\" \/><\/a><br \/>\n<br \/>\n<a class=\"events-show-btn-join\" href=\"https:\/\/www.escueladerespiracion.com\/index.php\/calendario-de-actividades\/?event_id=362\">\u00a1Ap\u00fantate!<\/a><br \/>\n<br \/>\n<span style=\"font-size: 16px\"><strong><a href='https:\/\/www.escueladerespiracion.com\/index.php\/calendario-de-actividades\/?event_id=362' title='CICLO de 10 sesiones de RESPIRACI\u00d3N'>CICLO de 10 sesiones de RESPIRACI\u00d3N<\/a><\/strong><\/span><br \/>\n<br \/>\n<span style=\"font-size: 21px\"><strong>12\/Mar\/2026<\/strong><\/span> <span style=\"color: #3366ff;font-size: 21px\"><strong>17:30<\/strong><\/span><br \/>\n<\/div><br \/>\n<\/div><br \/>\n<\/div><br \/>\n<\/div><div class=\"owl-stage-outer\"><br \/>\n<div class=\"owl-stage\"><br \/>\n<div class=\"owl-item cloned\"><br \/>\n<div class=\"bg-events-show\"><br \/>\n<br \/>\n<a href=\"https:\/\/www.escueladerespiracion.com\/index.php\/calendario-de-actividades\/?event_id=361\"><img width=\"315\" height=\"314\" src=\"https:\/\/www.escueladerespiracion.com\/wp-content\/uploads\/2026\/01\/INICIACION-7-feb-2026-en-ZENTRO-WEB-peque.jpg\" class=\"eme_event_image\" alt=\"\" loading=\"lazy\" srcset=\"https:\/\/www.escueladerespiracion.com\/wp-content\/uploads\/2026\/01\/INICIACION-7-feb-2026-en-ZENTRO-WEB-peque.jpg 315w, https:\/\/www.escueladerespiracion.com\/wp-content\/uploads\/2026\/01\/INICIACION-7-feb-2026-en-ZENTRO-WEB-peque-300x300.jpg 300w, https:\/\/www.escueladerespiracion.com\/wp-content\/uploads\/2026\/01\/INICIACION-7-feb-2026-en-ZENTRO-WEB-peque-150x150.jpg 150w\" sizes=\"(max-width: 315px) 100vw, 315px\" \/><\/a><br \/>\n<br \/>\n<a class=\"events-show-btn-join\" href=\"https:\/\/www.escueladerespiracion.com\/index.php\/calendario-de-actividades\/?event_id=361\">\u00a1Ap\u00fantate!<\/a><br \/>\n<br \/>\n<span style=\"font-size: 16px\"><strong><a href='https:\/\/www.escueladerespiracion.com\/index.php\/calendario-de-actividades\/?event_id=361' title='Clase especial. Iniciaci\u00f3n a la Respiraci\u00f3n'>Clase especial. Iniciaci\u00f3n a la Respiraci\u00f3n<\/a><\/strong><\/span><br \/>\n<br \/>\n<span style=\"font-size: 21px\"><strong>07\/Feb\/2026<\/strong><\/span> <span style=\"color: #3366ff;font-size: 21px\"><strong>10:00<\/strong><\/span><br \/>\n<\/div><br \/>\n<\/div><br \/>\n<\/div><br \/>\n<\/div><div class=\"owl-stage-outer\"><br \/>\n<div class=\"owl-stage\"><br \/>\n<div class=\"owl-item cloned\"><br \/>\n<div class=\"bg-events-show\"><br \/>\n<br \/>\n<a href=\"https:\/\/www.escueladerespiracion.com\/index.php\/calendario-de-actividades\/?event_id=360\"><img width=\"315\" height=\"279\" src=\"https:\/\/www.escueladerespiracion.com\/wp-content\/uploads\/2025\/10\/Portada-WEB-peque.jpg\" class=\"eme_event_image\" alt=\"\" loading=\"lazy\" srcset=\"https:\/\/www.escueladerespiracion.com\/wp-content\/uploads\/2025\/10\/Portada-WEB-peque.jpg 315w, https:\/\/www.escueladerespiracion.com\/wp-content\/uploads\/2025\/10\/Portada-WEB-peque-300x266.jpg 300w\" sizes=\"(max-width: 315px) 100vw, 315px\" \/><\/a><br \/>\n<br \/>\n<a class=\"events-show-btn-join\" href=\"https:\/\/www.escueladerespiracion.com\/index.php\/calendario-de-actividades\/?event_id=360\">\u00a1Ap\u00fantate!<\/a><br \/>\n<br \/>\n<span style=\"font-size: 16px\"><strong><a href='https:\/\/www.escueladerespiracion.com\/index.php\/calendario-de-actividades\/?event_id=360' title='CICLO de 10 sesiones de RESPIRACI\u00d3N: Desc\u00fabrete '>CICLO de 10 sesiones de RESPIRACI\u00d3N: Desc\u00fabrete <\/a><\/strong><\/span><br \/>\n<br \/>\n<span style=\"font-size: 21px\"><strong>30\/Oct\/2025<\/strong><\/span> <span style=\"color: #3366ff;font-size: 21px\"><strong>17:30<\/strong><\/span><br \/>\n<\/div><br \/>\n<\/div><br \/>\n<\/div><br \/>\n<\/div><div class=\"owl-stage-outer\"><br \/>\n<div class=\"owl-stage\"><br \/>\n<div class=\"owl-item cloned\"><br \/>\n<div class=\"bg-events-show\"><br \/>\n<br \/>\n<a href=\"https:\/\/www.escueladerespiracion.com\/index.php\/calendario-de-actividades\/?event_id=359\"><img width=\"315\" height=\"237\" src=\"https:\/\/www.escueladerespiracion.com\/wp-content\/uploads\/2025\/09\/monte-26-septiembre-WEB-peque.jpg\" class=\"eme_event_image\" alt=\"\" loading=\"lazy\" srcset=\"https:\/\/www.escueladerespiracion.com\/wp-content\/uploads\/2025\/09\/monte-26-septiembre-WEB-peque.jpg 315w, https:\/\/www.escueladerespiracion.com\/wp-content\/uploads\/2025\/09\/monte-26-septiembre-WEB-peque-300x226.jpg 300w\" sizes=\"(max-width: 315px) 100vw, 315px\" \/><\/a><br \/>\n<br \/>\n<a class=\"events-show-btn-join\" href=\"https:\/\/www.escueladerespiracion.com\/index.php\/calendario-de-actividades\/?event_id=359\">\u00a1Ap\u00fantate!<\/a><br \/>\n<br \/>\n<span style=\"font-size: 16px\"><strong><a href='https:\/\/www.escueladerespiracion.com\/index.php\/calendario-de-actividades\/?event_id=359' title='Respiraci\u00f3n en el MONTE'>Respiraci\u00f3n en el MONTE<\/a><\/strong><\/span><br \/>\n<br \/>\n<span style=\"font-size: 21px\"><strong>26\/Sep\/2025<\/strong><\/span> <span style=\"color: #3366ff;font-size: 21px\"><strong>16:45<\/strong><\/span><br \/>\n<\/div><br \/>\n<\/div><br \/>\n<\/div><br \/>\n<\/div><div class=\"owl-stage-outer\"><br \/>\n<div class=\"owl-stage\"><br \/>\n<div class=\"owl-item cloned\"><br \/>\n<div class=\"bg-events-show\"><br \/>\n<br \/>\n<a href=\"https:\/\/www.escueladerespiracion.com\/index.php\/calendario-de-actividades\/?event_id=358\"><img width=\"315\" height=\"237\" src=\"https:\/\/www.escueladerespiracion.com\/wp-content\/uploads\/2025\/08\/monte-15-Agosto-2025-WEB-peque.jpg\" class=\"eme_event_image\" alt=\"\" loading=\"lazy\" srcset=\"https:\/\/www.escueladerespiracion.com\/wp-content\/uploads\/2025\/08\/monte-15-Agosto-2025-WEB-peque.jpg 315w, https:\/\/www.escueladerespiracion.com\/wp-content\/uploads\/2025\/08\/monte-15-Agosto-2025-WEB-peque-300x226.jpg 300w\" sizes=\"(max-width: 315px) 100vw, 315px\" \/><\/a><br \/>\n<br \/>\n<a class=\"events-show-btn-join\" href=\"https:\/\/www.escueladerespiracion.com\/index.php\/calendario-de-actividades\/?event_id=358\">\u00a1Ap\u00fantate!<\/a><br \/>\n<br \/>\n<span style=\"font-size: 16px\"><strong><a href='https:\/\/www.escueladerespiracion.com\/index.php\/calendario-de-actividades\/?event_id=358' title='Respiraci\u00f3n en el MONTE'>Respiraci\u00f3n en el MONTE<\/a><\/strong><\/span><br \/>\n<br \/>\n<span style=\"font-size: 21px\"><strong>15\/Ago\/2025<\/strong><\/span> <span style=\"color: #3366ff;font-size: 21px\"><strong>16:45<\/strong><\/span><br \/>\n<\/div><br \/>\n<\/div><br \/>\n<\/div><br \/>\n<\/div><div class=\"owl-stage-outer\"><br \/>\n<div class=\"owl-stage\"><br \/>\n<div class=\"owl-item cloned\"><br \/>\n<div class=\"bg-events-show\"><br \/>\n<br \/>\n<a href=\"https:\/\/www.escueladerespiracion.com\/index.php\/calendario-de-actividades\/?event_id=356\"><img width=\"315\" height=\"237\" src=\"https:\/\/www.escueladerespiracion.com\/wp-content\/uploads\/2025\/07\/monte-11-Julio-2025-WEB-peque.jpg\" class=\"eme_event_image\" alt=\"\" loading=\"lazy\" srcset=\"https:\/\/www.escueladerespiracion.com\/wp-content\/uploads\/2025\/07\/monte-11-Julio-2025-WEB-peque.jpg 315w, https:\/\/www.escueladerespiracion.com\/wp-content\/uploads\/2025\/07\/monte-11-Julio-2025-WEB-peque-300x226.jpg 300w\" sizes=\"(max-width: 315px) 100vw, 315px\" \/><\/a><br \/>\n<br \/>\n<a class=\"events-show-btn-join\" href=\"https:\/\/www.escueladerespiracion.com\/index.php\/calendario-de-actividades\/?event_id=356\">\u00a1Ap\u00fantate!<\/a><br \/>\n<br \/>\n<span style=\"font-size: 16px\"><strong><a href='https:\/\/www.escueladerespiracion.com\/index.php\/calendario-de-actividades\/?event_id=356' title='Respiraci\u00f3n en el MONTE '>Respiraci\u00f3n en el MONTE <\/a><\/strong><\/span><br \/>\n<br \/>\n<span style=\"font-size: 21px\"><strong>11\/Jul\/2025<\/strong><\/span> <span style=\"color: #3366ff;font-size: 21px\"><strong>16:45<\/strong><\/span><br \/>\n<\/div><br \/>\n<\/div><br \/>\n<\/div><br \/>\n<\/div><div class=\"owl-stage-outer\"><br \/>\n<div class=\"owl-stage\"><br \/>\n<div class=\"owl-item cloned\"><br \/>\n<div class=\"bg-events-show\"><br \/>\n<br \/>\n<a href=\"https:\/\/www.escueladerespiracion.com\/index.php\/calendario-de-actividades\/?event_id=355\"><img width=\"315\" height=\"447\" src=\"https:\/\/www.escueladerespiracion.com\/wp-content\/uploads\/2025\/05\/Tocando-el-ALMA-28-junio-2025-WEB-peque.jpg\" class=\"eme_event_image\" alt=\"\" loading=\"lazy\" srcset=\"https:\/\/www.escueladerespiracion.com\/wp-content\/uploads\/2025\/05\/Tocando-el-ALMA-28-junio-2025-WEB-peque.jpg 315w, https:\/\/www.escueladerespiracion.com\/wp-content\/uploads\/2025\/05\/Tocando-el-ALMA-28-junio-2025-WEB-peque-211x300.jpg 211w\" sizes=\"(max-width: 315px) 100vw, 315px\" \/><\/a><br \/>\n<br \/>\n<a class=\"events-show-btn-join\" href=\"https:\/\/www.escueladerespiracion.com\/index.php\/calendario-de-actividades\/?event_id=355\">\u00a1Ap\u00fantate!<\/a><br \/>\n<br \/>\n<span style=\"font-size: 16px\"><strong><a href='https:\/\/www.escueladerespiracion.com\/index.php\/calendario-de-actividades\/?event_id=355' title='Tocando tu Alma '>Tocando tu Alma <\/a><\/strong><\/span><br \/>\n<br \/>\n<span style=\"font-size: 21px\"><strong>28\/Jun\/2025<\/strong><\/span> <span style=\"color: #3366ff;font-size: 21px\"><strong>10:00<\/strong><\/span><br \/>\n<\/div><br \/>\n<\/div><br \/>\n<\/div><br \/>\n<\/div><div class=\"owl-stage-outer\"><br \/>\n<div class=\"owl-stage\"><br \/>\n<div class=\"owl-item cloned\"><br \/>\n<div class=\"bg-events-show\"><br \/>\n<br \/>\n<a href=\"https:\/\/www.escueladerespiracion.com\/index.php\/calendario-de-actividades\/?event_id=354\"><img width=\"315\" height=\"315\" src=\"https:\/\/www.escueladerespiracion.com\/wp-content\/uploads\/2025\/03\/Dia-Mundial-2025-DEFINITIVO-WEB-peque.jpg\" class=\"eme_event_image\" alt=\"\" loading=\"lazy\" srcset=\"https:\/\/www.escueladerespiracion.com\/wp-content\/uploads\/2025\/03\/Dia-Mundial-2025-DEFINITIVO-WEB-peque.jpg 315w, https:\/\/www.escueladerespiracion.com\/wp-content\/uploads\/2025\/03\/Dia-Mundial-2025-DEFINITIVO-WEB-peque-300x300.jpg 300w, https:\/\/www.escueladerespiracion.com\/wp-content\/uploads\/2025\/03\/Dia-Mundial-2025-DEFINITIVO-WEB-peque-150x150.jpg 150w\" sizes=\"(max-width: 315px) 100vw, 315px\" \/><\/a><br \/>\n<br \/>\n<a class=\"events-show-btn-join\" href=\"https:\/\/www.escueladerespiracion.com\/index.php\/calendario-de-actividades\/?event_id=354\">\u00a1Ap\u00fantate!<\/a><br \/>\n<br \/>\n<span style=\"font-size: 16px\"><strong><a href='https:\/\/www.escueladerespiracion.com\/index.php\/calendario-de-actividades\/?event_id=354' title='D\u00eda Mundial de la Respiraci\u00f3n '>D\u00eda Mundial de la Respiraci\u00f3n <\/a><\/strong><\/span><br \/>\n<br \/>\n<span style=\"font-size: 21px\"><strong>12\/Abr\/2025<\/strong><\/span> <span style=\"color: #3366ff;font-size: 21px\"><strong>10:00<\/strong><\/span><br \/>\n<\/div><br \/>\n<\/div><br \/>\n<\/div><br \/>\n<\/div><div class=\"owl-stage-outer\"><br \/>\n<div class=\"owl-stage\"><br \/>\n<div class=\"owl-item cloned\"><br \/>\n<div class=\"bg-events-show\"><br \/>\n<br \/>\n<a href=\"https:\/\/www.escueladerespiracion.com\/index.php\/calendario-de-actividades\/?event_id=353\"><img width=\"315\" height=\"294\" src=\"https:\/\/www.escueladerespiracion.com\/wp-content\/uploads\/2025\/02\/CARATULA-2025-web-peque.jpg\" class=\"eme_event_image\" alt=\"\" loading=\"lazy\" srcset=\"https:\/\/www.escueladerespiracion.com\/wp-content\/uploads\/2025\/02\/CARATULA-2025-web-peque.jpg 315w, https:\/\/www.escueladerespiracion.com\/wp-content\/uploads\/2025\/02\/CARATULA-2025-web-peque-300x280.jpg 300w\" sizes=\"(max-width: 315px) 100vw, 315px\" \/><\/a><br \/>\n<br \/>\n<a class=\"events-show-btn-join\" href=\"https:\/\/www.escueladerespiracion.com\/index.php\/calendario-de-actividades\/?event_id=353\">\u00a1Ap\u00fantate!<\/a><br \/>\n<br \/>\n<span style=\"font-size: 16px\"><strong><a href='https:\/\/www.escueladerespiracion.com\/index.php\/calendario-de-actividades\/?event_id=353' title='CICLO de 10 sesiones de RESPIRACI\u00d3N: REJUVENECER Y VIVIR M\u00c1S'>CICLO de 10 sesiones de RESPIRACI\u00d3N: REJUVENECER Y VIVIR M\u00c1S<\/a><\/strong><\/span><br \/>\n<br \/>\n<span style=\"font-size: 21px\"><strong>20\/Feb\/2025<\/strong><\/span> <span style=\"color: #3366ff;font-size: 21px\"><strong>0:00<\/strong><\/span><br \/>\n<\/div><br \/>\n<\/div><br \/>\n<\/div><br \/>\n<\/div><\/div><\/ul><\/div><!-- \/Widget Shortcode -->[\/vc_column_text][vc_empty_space height=&#8221;25px&#8221;][vc_column_text]<\/p>\n<h2 class=\"title_borde_alas\">Calendario<\/h2>\n<p>[\/vc_column_text][vc_column_text]<!-- Widget Shortcode --><div id=\"eme_calendar-7\" class=\"widget widget_eme_calendar widget-shortcode area-arbitrary \"><div class='eme-calendar' id='eme-calendar-133'><table class='eme-calendar-table smallcalendar'>\n<thead><tr><th class='month_name' colspan='7'><a class='prev-month eme-cal-prev-month' href='#' data-full='0' data-htmltable='1' data-htmldiv='0' data-long_events='' data-month='03' data-year='2026' data-category='' data-author='' data-contact_person='' data-location_id='' data-notcategory='' data-template_id='0' data-holiday_id='0' data-weekdays='' data-language='' data-calendar_divid='eme-calendar-133'>&lt;&lt;<\/a> Abr 2026 <a class='next-month eme-cal-next-month' href=\"#\" data-full='0' data-htmltable='1' data-htmldiv='0' data-long_events='' data-month='05' data-year='2026' data-category='' data-author='' data-contact_person='' data-location_id='' data-notcategory='' data-template_id='0' data-holiday_id='0' data-weekdays='' data-language='' data-calendar_divid='eme-calendar-133'>&gt;&gt;<\/a><\/th>\n<\/tr><\/thead>\n<tr class='days-names'><td class='Mon_header'>L<\/td><td class='Tue_header'>M<\/td><td class='Wed_header'>X<\/td><td class='Thu_header'>J<\/td><td class='Fri_header'>V<\/td><td class='Sat_header'>S<\/td><td class='Sun_header'>D<\/td><\/tr>\n<tr><td class='Mon eventless-pre'><span class='span-eme-calday span-eme-calday-30'>30<\/td>\n<td class='Tue eventless-pre'><span class='span-eme-calday span-eme-calday-31'>31<\/td>\n<td class='Wed eventless'><span class='span-eme-calday span-eme-calday-1'>1<\/td>\n<td class='Thu eventless'><span class='span-eme-calday span-eme-calday-2'>2<\/td>\n<td class='Fri eventless'><span class='span-eme-calday span-eme-calday-3'>3<\/td>\n<td class='Sat eventless'><span class='span-eme-calday span-eme-calday-4'>4<\/td>\n<td class='Sun eventless'><span class='span-eme-calday span-eme-calday-5'>5<\/td>\n<\/tr>\n<tr><td class='Mon eventless'><span class='span-eme-calday span-eme-calday-6'>6<\/td>\n<td class='Tue eventless'><span class='span-eme-calday span-eme-calday-7'>7<\/td>\n<td class='Wed eventless'><span class='span-eme-calday span-eme-calday-8'>8<\/td>\n<td class='Thu eventless'><span class='span-eme-calday span-eme-calday-9'>9<\/td>\n<td class='Fri eventless'><span class='span-eme-calday span-eme-calday-10'>10<\/td>\n<td class='Sat eventful event-day-11'><span class='span-eme-calday span-eme-calday-11'><a title='D\u00eda Mundial de la Respiraci\u00f3n  (Copy)' href='https:\/\/www.escueladerespiracion.com\/index.php\/calendario-de-actividades\/?calendar_day=2026-04-11' >11<\/a><\/span><\/td>\n<td class='Sun eventless-today'><span class='span-eme-calday span-eme-calday-12'>12<\/td>\n<\/tr>\n<tr><td class='Mon eventless'><span class='span-eme-calday span-eme-calday-13'>13<\/td>\n<td class='Tue eventless'><span class='span-eme-calday span-eme-calday-14'>14<\/td>\n<td class='Wed eventless'><span class='span-eme-calday span-eme-calday-15'>15<\/td>\n<td class='Thu eventless'><span class='span-eme-calday span-eme-calday-16'>16<\/td>\n<td class='Fri eventless'><span class='span-eme-calday span-eme-calday-17'>17<\/td>\n<td class='Sat eventless'><span class='span-eme-calday span-eme-calday-18'>18<\/td>\n<td class='Sun eventless'><span class='span-eme-calday span-eme-calday-19'>19<\/td>\n<\/tr>\n<tr><td class='Mon eventless'><span class='span-eme-calday span-eme-calday-20'>20<\/td>\n<td class='Tue eventless'><span class='span-eme-calday span-eme-calday-21'>21<\/td>\n<td class='Wed eventless'><span class='span-eme-calday span-eme-calday-22'>22<\/td>\n<td class='Thu eventless'><span class='span-eme-calday span-eme-calday-23'>23<\/td>\n<td class='Fri eventless'><span class='span-eme-calday span-eme-calday-24'>24<\/td>\n<td class='Sat eventless'><span class='span-eme-calday span-eme-calday-25'>25<\/td>\n<td class='Sun eventless'><span class='span-eme-calday span-eme-calday-26'>26<\/td>\n<\/tr>\n<tr><td class='Mon eventless'><span class='span-eme-calday span-eme-calday-27'>27<\/td>\n<td class='Tue eventless'><span class='span-eme-calday span-eme-calday-28'>28<\/td>\n<td class='Wed eventless'><span class='span-eme-calday span-eme-calday-29'>29<\/td>\n<td class='Thu eventless'><span class='span-eme-calday span-eme-calday-30'>30<\/td>\n<td class='Fri eventless-post'><span class='span-eme-calday span-eme-calday-1'>1<\/td>\n<td class='Sat eventless-post'><span class='span-eme-calday span-eme-calday-2'>2<\/td>\n<td class='Sun eventless-post'><span class='span-eme-calday span-eme-calday-3'>3<\/td>\n<\/tr>\n<\/table>\n<\/div><\/div><!-- \/Widget Shortcode -->[\/vc_column_text][vc_empty_space][\/vc_column][vc_column width=&#8221;1\/6&#8243; el_class=&#8221;estilo_redon_sidebar&#8221;][vc_widget_sidebar sidebar_id=&#8221;registro-eventos&#8221;][\/vc_column][\/vc_row]<\/p>\n","protected":false},"excerpt":{"rendered":"<p>[vc_row][vc_column width=&#8221;5\/6&#8243; css=&#8221;.vc_custom_1532125605051{margin-top: -25px !important;}&#8221; el_class=&#8221;estilo_redondeado&#8221;][vc_column_text] Pr\u00f3ximas Actividades [\/vc_column_text][vc_column_text css=&#8221;.vc_custom_1611764707355{margin-top: -100px !important;border-top-width: -50px !important;}&#8221;][\/vc_column_text][vc_empty_space height=&#8221;25px&#8221;][vc_column_text] Calendario [\/vc_column_text][vc_column_text][\/vc_column_text][vc_empty_space][\/vc_column][vc_column width=&#8221;1\/6&#8243; el_class=&#8221;estilo_redon_sidebar&#8221;][vc_widget_sidebar sidebar_id=&#8221;registro-eventos&#8221;][\/vc_column][\/vc_row]<\/p>\n","protected":false},"author":1,"featured_media":0,"parent":0,"menu_order":0,"comment_status":"closed","ping_status":"closed","template":"","meta":[],"acf":[],"_links":{"self":[{"href":"https:\/\/www.escueladerespiracion.com\/index.php\/wp-json\/wp\/v2\/pages\/5757"}],"collection":[{"href":"https:\/\/www.escueladerespiracion.com\/index.php\/wp-json\/wp\/v2\/pages"}],"about":[{"href":"https:\/\/www.escueladerespiracion.com\/index.php\/wp-json\/wp\/v2\/types\/page"}],"author":[{"embeddable":true,"href":"https:\/\/www.escueladerespiracion.com\/index.php\/wp-json\/wp\/v2\/users\/1"}],"replies":[{"embeddable":true,"href":"https:\/\/www.escueladerespiracion.com\/index.php\/wp-json\/wp\/v2\/comments?post=5757"}],"version-history":[{"count":51,"href":"https:\/\/www.escueladerespiracion.com\/index.php\/wp-json\/wp\/v2\/pages\/5757\/revisions"}],"predecessor-version":[{"id":6827,"href":"https:\/\/www.escueladerespiracion.com\/index.php\/wp-json\/wp\/v2\/pages\/5757\/revisions\/6827"}],"wp:attachment":[{"href":"https:\/\/www.escueladerespiracion.com\/index.php\/wp-json\/wp\/v2\/media?parent=5757"}],"curies":[{"name":"wp","href":"https:\/\/api.w.org\/{rel}","templated":true}]}}